3341757?
True
Is 5582712 a multiple of 12?
True
Is 2545033 a multiple of 668?
False
Does 100 divide 4023811?
False
Is 6348344 a multiple of 34?
True
Does 49 divide 10076?
False
Is 420 a factor of 132155?
False
Does 157 divide 8947587?
True
Is 109675 a multiple of 107?
True
Is 2254692 a multiple of 116?
True
Does 495 divide 94579?
False
Does 354 divide 485103?
False
Is 146 a factor of 1305597?
False
Does 51 divide 5452998?
False
Is 235 a factor of 555214?
False
Is 223 a factor of 27406?
False
Does 11 divide 43258?
False
Is 18 a factor of 1355022?
True
Does 584 divide 5549752?
True
Is 5095842 a multiple of 186?
True
Is 1105700 a multiple of 80?
False
Is 1110680 a multiple of 115?
False
Does 133 divide 3799988?
False
Is 3275220 a multiple of 60?
True
Is 412868 a multiple of 113?
False
Is 24 a factor of 92352?
True
Is 2898808 a multiple of 29?
False
Is 80710 a multiple of 10?
True
Is 11423417 a multiple of 63?
False
Does 91 divide 3072615?
True
Is 2001272 a multiple of 175?
False
Does 9 divide 138714?
False
Does 4 divide 45128?
True
Does 995 divide 12763860?
True
Does 18 divide 5640723?
False
Does 4 divide 274640?
True
Is 108304 a multiple of 412?
False
Is 12 a factor of 411386?
False
Is 5431883 a multiple of 215?
False
Does 79 divide 55605?
False
Does 108 divide 2057508?
True
Is 77593 a multiple of 151?
False
Does 91 divide 128196?
False
Does 107 divide 5815343?
True
Does 85 divide 18834980?
True
Does 44 divide 149688?
True
Is 975687 a multiple of 70?
False
Does 39 divide 586453?
False
Does 107 divide 133322?
True
Does 19 divide 3000689?
True
Is 21640112 a multiple of 1208?
True
Is 5008405 a multiple of 22?
False
Is 1820053 a multiple of 33?
False
Is 298 even?
True
Is 44 a factor of 30625?
False
Is 1802230 a multiple of 10?
True
Is 6642105 a multiple of 463?
False
Is 79 a factor of 267678?
False
Is 2 a factor of 26564?
True
Is 764 a factor of 1957368?
True
Does 508 divide 32087312?
True
Does 17 divide 589524?
False
Is 116616 a multiple of 6?
True
Does 231 divide 921635?
False
Is 29555 a multiple of 115?
True
Does 24 divide 483000?
True
Does 22 divide 9336470?
True
Does 231 divide 758879?
False
Is 495 a factor of 1243935?
True
Is 307334 a multiple of 31?
True
Is 210444 a multiple of 57?
True
Is 48 a factor of 19056?
True
Does 9 divide 18124400?
False
Does 71 divide 2185442?
False
Is 195 a factor of 8291?
False
Does 461 divide 773097?
True
Is 8270793 a multiple of 369?
False
Is 20 a factor of 4914959?
False
Is 509 a factor of 2888066?
True
Does 334 divide 404324?
False
Is 516454 a multiple of 183?
False
Is 22 a factor of 368522?
True
Is 349322 a multiple of 16?
False
Does 37 divide 463769?
False
Is 570024 a multiple of 660?
False
Is 64232 a multiple of 62?
True
Does 356 divide 884739?
False
Does 29 divide 4001699?
False
Is 491516 a multiple of 4?
True
Is 6 a factor of 1074?
True
Is 616 a factor of 798336?
True
Does 212 divide 2400476?
True
Is 2 a factor of 3765?
False
Does 24 divide 471459?
False
Is 6041450 a multiple of 30?
False
Is 100450 a multiple of 287?
True
Is 787 a factor of 834220?
True
Is 61 a factor of 6291136?
False
Is 231858 a multiple of 66?
True
Is 16500 a multiple of 75?
True
Does 78 divide 161850?
True
Is 13656 a multiple of 8?
True
Does 26 divide 3022302?
False
Is 108504 a multiple of 198?
True
Does 6 divide 583410?
True
Is 913745 a multiple of 310?
False
Does 22 divide 5981353?
False
Is 6363112 a multiple of 581?
True
Is 187 a factor of 7851974?
False
Does 188 divide 2925038?
False
Is 757826 a multiple of 24?
False
Is 36 a factor of 20520?
True
Is 98135 a multiple of 34?
False
Does 554 divide 4313444?
True
Does 153 divide 96696?
True
Is 28 a factor of 242245?
False
Is 3561959 a multiple of 129?
False
Is 11783936 a multiple of 964?
True
Is 119296 a multiple of 8?
True
Is 172 a factor of 1860180?
True
Is 19 a factor of 105492?
False
Does 248 divide 1055291?
False
Is 239235 a multiple of 205?
True
Is 106783 a multiple of 12?
False
Is 411369 a multiple of 2?
False
Does 710 divide 1091980?
True
Does 58 divide 31784?
True
Does 27 divide 431838?
True
Does 158 divide 12634309?
False
Is 75308 a multiple of 14?
False
Does 27 divide 1483094?
False
Is 475018 a multiple of 502?
False
Is 175 a factor of 265825?
True
Does 60 divide 212580?
True
Is 15 a factor of 165861?
False
Is 381197 a multiple of 7?
False
Does 28 divide 687450?
False
Is 1367113 a multiple of 190?
False
Is 662900 a multiple of 140?
True
Does 47 divide 816177?
False
Does 71 divide 717234?
False
Does 1723 divide 27132637?
False
Is 29 a factor of 123878?
False
Is 29 a factor of 40890?
True
Is 54 a factor of 68094?
True
Is 247 a factor of 1054690?
True
Does 251 divide 297435?
True
Is 29425 a multiple of 11?
True
Does 16 divide 1643984?
True
Is 19 a factor of 612532?
False
Is 20 a factor of 939140?
True
Is 38413 a multiple of 36?
False
Does 11 divide 26697?
True
Is 52098 a multiple of 57?
True
Is 105516 a multiple of 54?
True
Is 140 a factor of 763331?
False
Does 306 divide 1688202?
True
Does 388 divide 4128320?
True
Is 9024129 a multiple of 9?
True
Does 126 divide 176904?
True
Is 836472 a multiple of 273?
True
Is 263211 a multiple of 51?
True
Is 390 a factor of 102180?
True
Is 169606 a multiple of 137?
True
Is 16579348 a multiple of 233?
True
Does 15 divide 302348?
False
Is 5 a factor of 951473?
False
Does 9 divide 24245?
False
Is 170 a factor of 1112650?
True
Is 39 a factor of 3722878?
False
Is 5 a factor of 61095?
True
Is 42 a factor of 56910?
True
Is 83 a factor of 49735?
False
Does 40 divide 20202840?
True
Is 1393756 a multiple of 18?
False
Is 233243 a multiple of 246?
False
Does 57 divide 377454?
True
Is 32 a factor of 21320736?
True
Is 149 a factor of 132759?
True
Does 61 divide 17690?
True
Is 278 a factor of 3188578?
False
Does 20 divide 9038240?
True
Is 4 a factor of 18263?
False
Does 6 divide 547996?
False
Is 2404160 a multiple of 32?
True
Is 50458 even?
True
Is 95 a factor of 139855?
False
Is 855496 a multiple of 67?
False
Is 31 a factor of 1078246?
False
Does 1678 divide 19491648?
True
Is 453054 a multiple of 218?
False
Does 15 divide 19515?
True
Is 229149 a multiple of 27?
True
Does 214 divide 3802138?
True
Is 15695205 a multiple of 504?
False
Does 100 divide 991418?
False
Is 18660 a multiple of 6?
True
Is 17 a factor of 12050683?
False
Does 34 divide 1582721?
False
Does 84 divide 256536?
True
Does 944 divide 11519160?
False
Is 35 a factor of 1475670?
True
Is 69556 a multiple of 117?
False
Does 78 divide 147186?
True
Is 6337553 a multiple of 102?
False
Is 18 a factor of 5065920?
True
Is 11 a factor of 2739960?
False
Is 12090 a multiple of 62?
True
Does 92 divide 449442?
False
Does 756 divide 89964?
True
Is 33 a factor of 124408?
False
Is 248 a factor of 2971058?
False
Does 670 divide 81701?
False
Is 16092440 a multiple of 26?
True
Does 15 divide 37802?
False
Is 11 a factor of 21736605?
True
Does 209 divide 33599?
False
Is 10 a factor of 678570?
True
Does 44 divide 2776664?
True
Is 9 a factor of 878436?
True
Is 124 a factor of 652720?
False
Is 38148 a multiple of 66?
True
Does 69 divide 602329?
False
Is 69 a factor of 60858?
True
Is 18 a factor of 37564?
False
Is 239975 a multiple of 76?
False
Does 22 divide 155713?
False
Does 106 divide 631230?
True
Does 55 divide 2059640?
True
Is 930953 a multiple of 26?
False
Is 174 a factor of 5344374?
False
Is 234424 a multiple of 134?
False
Does 18 divide 824371?
False
Is 25 a factor of 187700?
True
Is 4326911 a multiple of 2?
False
Does 5 divide 2089068?
False
Is 1666986 a multiple of 51?
True
Is 101 a factor of 209107?
False
Is 14385461 a multiple of 19?
False
Is 98 a factor of 119560?
True
Is 145379 a multiple of 9?
False
Is 155079 a multiple of 9?
True
Does 34 divide 225998?
True
Is 984059 a multiple of 376?
False
Is 30 a factor of 15385?
False
Is 170843 a multiple of 29?
False
Does 29 divide 51533?
True
Is 107 a factor of 381669?
True
Does 13 divide 55016?
True
Does 21 divide 234423?
True
Is 296820 a multiple of 90?
True
Is 127 a factor of 209270?
False
Does 12 divide 408600?
True
Is 46327 a multiple of 324?
False
Does 6 divide 867192?
True
Is 11 a factor of 2531188?
True
Is 33 a factor of 5346?
True
Is 21 a factor of 999201?
True
Is 9 a factor of 4700430?
True
Is 42 a factor of 3069572?
False
Is 119 a factor of 18416?
